{"id":192,"date":"2025-02-19T13:42:46","date_gmt":"2025-02-19T13:42:46","guid":{"rendered":"http:\/\/uly-niemann.eu\/?page_id=192"},"modified":"2026-03-23T11:25:41","modified_gmt":"2026-03-23T11:25:41","slug":"scharbockskraut","status":"publish","type":"page","link":"https:\/\/www.terra-arcanum.de\/index.php\/scharbockskraut\/","title":{"rendered":"Scharbockskraut"},"content":{"rendered":"\n<p><strong>Scharbockskraut (Ranunculus ficaria)<\/strong><\/p>\n\n\n\n<p><strong><br>Namen:<\/strong> \u201eScharbock\u201c lautete der alte Name f\u00fcr Skorbut (=Vitamin-C-Mangel), Feigwurz (die Wurzel sieht \u00e4hnlich wie Feigwarzen aus), Fr\u00fchlingsscharbockskraut, Erdgerste (die sog. Brutknospen sehen Getreidek\u00f6rnern \u00e4hnlich)<\/p>\n\n\n\n<p><strong>Pflanzenfamilie:<\/strong> Hahnenfu\u00dfgew\u00e4chse (Ranunculaceae)<\/p>\n\n\n\n<p><strong>Verwendete Pflanzenteile:<\/strong> Bl\u00e4tter, Bl\u00fctenknospen und Wurzeln<\/p>\n\n\n\n<p><strong>Sammelzeit:<\/strong> Bl\u00e4tter (M\u00e4rz und April), Bl\u00fctenknospen (April) und Wurzeln (Mai und Juni)<\/p>\n\n\n\n<p><strong>Inhaltsstoffe:<\/strong> Vitamin C, Ranunculin, Saponine und Gerbstoffe, in der Wurzel Gerbstoffe, Asparagin und Ferment Urease<\/p>\n\n\n\n<p><strong>Heilwirkung\/Anwendung:<\/strong><br>Das Scharbockskraut ist eines der ersten frischen Pflanzen im zeitigen Fr\u00fchjahr und war fr\u00fcher eine willkommene Vitamin C-haltige Frischspeise gegen Skorbut und Fr\u00fchjahrsm\u00fcdigkeit. Die Pflanze hat blutreinigende Eigenschaften und kann so gut bei Hautunreinheiten angewendet werden. Die Wurzelkn\u00f6llchen wurden in der alten Volksheilkunde bei H\u00e4morrhoiden als Sitzbad oder \u201eWurzelbutter\u201c verwendet. In der heutigen Phytomedizin wird der aus den Wurzelkn\u00f6llchen gepresste Saft gelegentlich bei den durch Viren (HPV) verursachten Feigwarzen verwendet.<br>Die Bl\u00e4tter des Scharbockskrautes geh\u00f6ren zu den ersten Fr\u00fchjahrsgr\u00fcn, sie haben einen leicht sauer-scharfen Geschmack und k\u00f6nnen vor der Bl\u00fcte geerntet in Kr\u00e4utermischungen, Kr\u00e4uterk\u00e4se, Salaten und Salatsaucen verwendet werden. Besonders lecker ist eine Mischung aus Karottensalat und Scharbockskraut, mit s\u00fc\u00dfem Rahm abgeschmeckt. Sobald die Bl\u00fcten erscheinen, erntet man das Scharbockskraut nicht mehr, da der Gehalt an Protoanemonin dann ansteigt, was zu Unvertr\u00e4glichkeiten und \u00dcbelkeit f\u00fchren kann.<br>Die Bl\u00fctenknospen, Wurzelkn\u00f6llchen und die Blattachselkn\u00f6llchen k\u00f6nnen, nachdem sie in Salz gezogen haben, in \u00d6l oder Essigwasser eingelegt werden. Sie schmecken roh nussig.<\/p>\n\n\n\n<figure class=\"wp-block-gallery has-nested-images columns-default is-cropped wp-block-gallery-1 is-layout-flex wp-block-gallery-is-layout-flex\">\n<figure class=\"wp-block-image size-large\"><img loading=\"lazy\" decoding=\"async\" width=\"1024\" height=\"744\" data-id=\"682\" src=\"https:\/\/www.terra-arcanum.de\/wordpress\/wp-content\/uploads\/2025\/02\/DSCN2707_Scharbockskraut-scaled-1-1024x744.jpg\" alt=\"\" class=\"wp-image-682\" srcset=\"https:\/\/www.terra-arcanum.de\/wp-content\/uploads\/2025\/02\/DSCN2707_Scharbockskraut-scaled-1-1024x744.jpg 1024w, https:\/\/www.terra-arcanum.de\/wp-content\/uploads\/2025\/02\/DSCN2707_Scharbockskraut-scaled-1-300x218.jpg 300w, https:\/\/www.terra-arcanum.de\/wp-content\/uploads\/2025\/02\/DSCN2707_Scharbockskraut-scaled-1-768x558.jpg 768w, https:\/\/www.terra-arcanum.de\/wp-content\/uploads\/2025\/02\/DSCN2707_Scharbockskraut-scaled-1-1536x1117.jpg 1536w, https:\/\/www.terra-arcanum.de\/wp-content\/uploads\/2025\/02\/DSCN2707_Scharbockskraut-scaled-1-2048x1489.jpg 2048w, https:\/\/www.terra-arcanum.de\/wp-content\/uploads\/2025\/02\/DSCN2707_Scharbockskraut-scaled-1-413x300.jpg 413w\" sizes=\"auto, (max-width: 1024px) 100vw, 1024px\" \/><\/figure>\n\n\n\n<figure class=\"wp-block-image size-large\"><img loading=\"lazy\" decoding=\"async\" width=\"686\" height=\"1006\" data-id=\"681\" src=\"https:\/\/www.terra-arcanum.de\/wordpress\/wp-content\/uploads\/2025\/02\/Ranunculus_ficaria_Sturm59.jpg\" alt=\"\" class=\"wp-image-681\" srcset=\"https:\/\/www.terra-arcanum.de\/wp-content\/uploads\/2025\/02\/Ranunculus_ficaria_Sturm59.jpg 686w, https:\/\/www.terra-arcanum.de\/wp-content\/uploads\/2025\/02\/Ranunculus_ficaria_Sturm59-205x300.jpg 205w\" sizes=\"auto, (max-width: 686px) 100vw, 686px\" \/><\/figure>\n<\/figure>\n\n\n\n<hr class=\"wp-block-separator has-alpha-channel-opacity is-style-wide\"\/>\n\n\n\n<figure class=\"wp-block-pullquote\"><blockquote><p>Denn wir leben auf einem blauen Planet<br>Der sich um einen Feuerball dreht<br>Mit \u2018nem Mond, der die Meere bewegt<br>Und du glaubst nicht an Wunder?<\/p><cite>Marteria &#8211; <em>Welt der Wunder<\/em>, Album: Zum Gl\u00fcck in die Zukunft II<\/cite><\/blockquote><\/figure>\n","protected":false},"excerpt":{"rendered":"<p>Scharbockskraut (Ranunculus ficaria) Namen: \u201eScharbock\u201c lautete der alte Name f\u00fcr Skorbut (=Vitamin-C-Mangel), Feigwurz (die Wurzel sieht \u00e4hnlich wie Feigwarzen aus), Fr\u00fchlingsscharbockskraut, Erdgerste (die sog. Brutknospen sehen Getreidek\u00f6rnern \u00e4hnlich) Pflanzenfamilie: Hahnenfu\u00dfgew\u00e4chse (Ranunculaceae) Verwendete Pflanzenteile: Bl\u00e4tter, Bl\u00fctenknospen und Wurzeln Sammelzeit: Bl\u00e4tter (M\u00e4rz &hellip; <a href=\"https:\/\/www.terra-arcanum.de\/index.php\/scharbockskraut\/\">Weiterlesen <span class=\"meta-nav\">&rarr;<\/span><\/a><\/p>\n","protected":false},"author":2,"featured_media":0,"parent":0,"menu_order":0,"comment_status":"closed","ping_status":"closed","template":"","meta":{"footnotes":""},"class_list":["post-192","page","type-page","status-publish","hentry"],"_links":{"self":[{"href":"https:\/\/www.terra-arcanum.de\/index.php\/wp-json\/wp\/v2\/pages\/192","targetHints":{"allow":["GET"]}}],"collection":[{"href":"https:\/\/www.terra-arcanum.de\/index.php\/wp-json\/wp\/v2\/pages"}],"about":[{"href":"https:\/\/www.terra-arcanum.de\/index.php\/wp-json\/wp\/v2\/types\/page"}],"author":[{"embeddable":true,"href":"https:\/\/www.terra-arcanum.de\/index.php\/wp-json\/wp\/v2\/users\/2"}],"replies":[{"embeddable":true,"href":"https:\/\/www.terra-arcanum.de\/index.php\/wp-json\/wp\/v2\/comments?post=192"}],"version-history":[{"count":1,"href":"https:\/\/www.terra-arcanum.de\/index.php\/wp-json\/wp\/v2\/pages\/192\/revisions"}],"predecessor-version":[{"id":1082,"href":"https:\/\/www.terra-arcanum.de\/index.php\/wp-json\/wp\/v2\/pages\/192\/revisions\/1082"}],"wp:attachment":[{"href":"https:\/\/www.terra-arcanum.de\/index.php\/wp-json\/wp\/v2\/media?parent=192"}],"curies":[{"name":"wp","href":"https:\/\/api.w.org\/{rel}","templated":true}]}}