{"id":194,"date":"2025-02-19T13:42:46","date_gmt":"2025-02-19T13:42:46","guid":{"rendered":"http:\/\/uly-niemann.eu\/?page_id=194"},"modified":"2026-03-23T11:26:54","modified_gmt":"2026-03-23T11:26:54","slug":"spitzwegerich","status":"publish","type":"page","link":"https:\/\/www.terra-arcanum.de\/index.php\/spitzwegerich\/","title":{"rendered":"Spitzwegerich"},"content":{"rendered":"\n<p><strong>Spitz-Wegerich (Plantago lanceolata)<\/strong><\/p>\n\n\n\n<p><strong>Namen:<\/strong> Der Wegerich ist eine Pflanze, die, wie der Name schon andeutet, am Weg w\u00e4chst. Die Endung \u201e-rich\u201c bedeutet so viel wie \u201eK\u00f6nig\u201c. Der Spitzwegerich ist also der \u201eK\u00f6nig des Weges\u201c. Genauso, wie seine Br\u00fcder, der Breit-Wegerich oder der Mittlere-Wegerich es auch sind. Er begleitet uns Menschen auf all unseren Wegen und bietet dort seine Hilfe an. Seine vielen Samen haften an den Fu\u00dfsohlen und werden so weitergetragen. Deshalb nannten die Indianer das Kraut auch \u201eFu\u00dfstapfen des wei\u00dfen Mannes\u201c. Der Name \u201ePlantago\u201c ist abgeleitet vom lateinischen \u201eplanta\u201c = Fu\u00dfsohle. Andere Namen sind: Heilwegerich, Hundsrippen, Rippenkraut, Siebenrippen, Spiesskraut, Spitzfederich, Spitz-Wegeblatt, Wagentranenblatt, Wegbreite, Wegreich, Wegtritt.<\/p>\n\n\n\n<p><strong>Pflanzenfamilie:<\/strong> Wegerichgew\u00e4chse = Plantaginaceae<\/p>\n\n\n\n<p><strong>Verwendete Pflanzenteile:<\/strong> Bl\u00e4tter und Samen<\/p>\n\n\n\n<p><strong>Sammelzeit:<\/strong> Bl\u00e4tter : Mai bis September, Samen im Sommer zur Reife<\/p>\n\n\n\n<p><strong>Inhaltsstoffe:<\/strong> Aucubin, Catapol, Gerbstoffe, Emusin, Bitterstoffe, Harz, Kiesels\u00e4ure, Schleimstoffe, Vitamin C &#8230;<\/p>\n\n\n\n<p><strong>Heilwirkung\/Anwendung:<\/strong> Wenn man unterwegs ist, k\u00f6nnen schon mal Dinge passieren, wie z.B. Unf\u00e4lle, Verletzungen, \u00dcberf\u00e4lle, Bisse, Insektenstiche, Stiche, Blasen, &#8230; und genau daf\u00fcr steht uns der Wegerich hilfreich zur Verf\u00fcgung. Seine vielz\u00e4hligen Inhaltsstoffe machen ihn zu einem echten \u201eAllrounder\u201c und erkl\u00e4ren das breite Anwendungsspektrum. Er wirkt u.a. keimt\u00f6tend, wundheilend, k\u00fchlend, hustenlindernd, zusammenziehend und blutreinigend. Daf\u00fcr reicht es aus, einfach ein paar Bl\u00e4tter zu zerreiben, bis der Saft austritt und dies dann direkt aufzulegen. Es empfiehlt sich sogar, den Spitzwegerich zu kauen, anstatt ihn nur zu zerkleinern, weil durch unseren Speichel (Kohlenhydratverdauung) die keimt\u00f6tende Wirkung noch erh\u00f6ht wird. Wie beim Beifu\u00df, kann man sich den Wegerich (oder den Breitwegerich &#8211; allein schon wegen der Form) auch bei Blasen oder wunden, m\u00fcden F\u00fc\u00dfen in die Schuhe legen. F\u00fcr die pickelgeplagte Haut der Teenager ist Spitzwegerich \u00fcbrigens auch ein gro\u00dfer Segen. Daf\u00fcr eignen sich neben Waschungen mit starkem Spitzwegerichabsud auch Masken aus Heilerde und Spitzwegerichtee. Oder man fertigt sich ein Heil\u00f6l aus dem Kraut. Eine Tinktur daraus ist \u00fcbrigens ideal zur lokalen Desinfektion der Pickel und wirkt obendrein auch noch heilend. Die Spitzwegerichtinktur ist auch sonst sehr praktisch, man kann sie auch bei Insektenstichen, Sch\u00fcrfwunden oder einfach, wenn man die Haut desinfizieren m\u00f6chte, anwenden, auch wenn man nicht gerade frischen Spitzwegerich zur Hand hat (oder, wenn vor Ort wegen Verschmutzung nicht gesammelt werden kann). Als Hustenmittel ist er auch sehr wirksam. Die Schleimstoffe sch\u00fctzen die gereizte Schleimhaut und mildern die Schmerzen. Das Vitamin C st\u00e4rkt unser Abwehrsystem, die keimt\u00f6tenden Inhaltsstoffe bek\u00e4mpfen zus\u00e4tzlich die Bakterien, die Kiesels\u00e4ure st\u00e4rkt das Lungengewebe, und die Gerbstoffe festigen die Schleimhaut. Auch bei anderen Lungenkrankheiten wie Asthma, Bronchitis, Raucherlunge oder Lungentuberkulose ist der Wegerich sehr hilfreich. Nicht zuletzt ist der Spitzwegerich auch ein gesundes Wildgem\u00fcse (von der Wurzel bis zum Samen). Er schmeckt allerdings ein wenig herb und kann deswegen ruhig mit anderen Kr\u00e4utern gemischt werden. Man sollte Spitzwegerich \u00fcbrigens z\u00fcgig trocknen, denn wenn sie dazu zu lange brauchen, neigen sie dazu, schwarze Flecken zu bekommen und sind dann unbrauchbar.<\/p>\n\n\n\n<figure class=\"wp-block-gallery has-nested-images columns-default is-cropped wp-block-gallery-1 is-layout-flex wp-block-gallery-is-layout-flex\">\n<figure class=\"wp-block-image size-large\"><img loading=\"lazy\" decoding=\"async\" width=\"1024\" height=\"768\" data-id=\"691\" src=\"https:\/\/www.terra-arcanum.de\/wordpress\/wp-content\/uploads\/2025\/02\/DSCN3388-scaled-1-1024x768.jpg\" alt=\"\" class=\"wp-image-691\" srcset=\"https:\/\/www.terra-arcanum.de\/wp-content\/uploads\/2025\/02\/DSCN3388-scaled-1-1024x768.jpg 1024w, https:\/\/www.terra-arcanum.de\/wp-content\/uploads\/2025\/02\/DSCN3388-scaled-1-300x225.jpg 300w, https:\/\/www.terra-arcanum.de\/wp-content\/uploads\/2025\/02\/DSCN3388-scaled-1-768x576.jpg 768w, https:\/\/www.terra-arcanum.de\/wp-content\/uploads\/2025\/02\/DSCN3388-scaled-1-1536x1152.jpg 1536w, https:\/\/www.terra-arcanum.de\/wp-content\/uploads\/2025\/02\/DSCN3388-scaled-1-2048x1536.jpg 2048w, https:\/\/www.terra-arcanum.de\/wp-content\/uploads\/2025\/02\/DSCN3388-scaled-1-400x300.jpg 400w\" sizes=\"auto, (max-width: 1024px) 100vw, 1024px\" \/><\/figure>\n\n\n\n<figure class=\"wp-block-image size-large\"><img loading=\"lazy\" decoding=\"async\" width=\"330\" height=\"494\" data-id=\"690\" src=\"https:\/\/www.terra-arcanum.de\/wordpress\/wp-content\/uploads\/2025\/02\/330px-Plantago_lanceolata_Sturm61.jpg\" alt=\"\" class=\"wp-image-690\" srcset=\"https:\/\/www.terra-arcanum.de\/wp-content\/uploads\/2025\/02\/330px-Plantago_lanceolata_Sturm61.jpg 330w, https:\/\/www.terra-arcanum.de\/wp-content\/uploads\/2025\/02\/330px-Plantago_lanceolata_Sturm61-200x300.jpg 200w\" sizes=\"auto, (max-width: 330px) 100vw, 330px\" \/><\/figure>\n<\/figure>\n\n\n\n<hr class=\"wp-block-separator has-alpha-channel-opacity is-style-wide\"\/>\n\n\n\n<figure class=\"wp-block-pullquote\"><blockquote><p>Die Welt hat genug f\u00fcr jedermanns Bed\u00fcrfnisse, aber nicht f\u00fcr jedermanns Gier.<\/p><cite>Mahatma Gandhi<\/cite><\/blockquote><\/figure>\n","protected":false},"excerpt":{"rendered":"<p>Spitz-Wegerich (Plantago lanceolata) Namen: Der Wegerich ist eine Pflanze, die, wie der Name schon andeutet, am Weg w\u00e4chst. Die Endung \u201e-rich\u201c bedeutet so viel wie \u201eK\u00f6nig\u201c. Der Spitzwegerich ist also der \u201eK\u00f6nig des Weges\u201c. Genauso, wie seine Br\u00fcder, der Breit-Wegerich &hellip; <a href=\"https:\/\/www.terra-arcanum.de\/index.php\/spitzwegerich\/\">Weiterlesen <span class=\"meta-nav\">&rarr;<\/span><\/a><\/p>\n","protected":false},"author":2,"featured_media":0,"parent":0,"menu_order":0,"comment_status":"closed","ping_status":"closed","template":"","meta":{"footnotes":""},"class_list":["post-194","page","type-page","status-publish","hentry"],"_links":{"self":[{"href":"https:\/\/www.terra-arcanum.de\/index.php\/wp-json\/wp\/v2\/pages\/194","targetHints":{"allow":["GET"]}}],"collection":[{"href":"https:\/\/www.terra-arcanum.de\/index.php\/wp-json\/wp\/v2\/pages"}],"about":[{"href":"https:\/\/www.terra-arcanum.de\/index.php\/wp-json\/wp\/v2\/types\/page"}],"author":[{"embeddable":true,"href":"https:\/\/www.terra-arcanum.de\/index.php\/wp-json\/wp\/v2\/users\/2"}],"replies":[{"embeddable":true,"href":"https:\/\/www.terra-arcanum.de\/index.php\/wp-json\/wp\/v2\/comments?post=194"}],"version-history":[{"count":1,"href":"https:\/\/www.terra-arcanum.de\/index.php\/wp-json\/wp\/v2\/pages\/194\/revisions"}],"predecessor-version":[{"id":1084,"href":"https:\/\/www.terra-arcanum.de\/index.php\/wp-json\/wp\/v2\/pages\/194\/revisions\/1084"}],"wp:attachment":[{"href":"https:\/\/www.terra-arcanum.de\/index.php\/wp-json\/wp\/v2\/media?parent=194"}],"curies":[{"name":"wp","href":"https:\/\/api.w.org\/{rel}","templated":true}]}}