{"id":869,"date":"2025-02-07T11:35:12","date_gmt":"2025-02-07T11:35:12","guid":{"rendered":"http:\/\/uly-niemann.eu\/?page_id=12"},"modified":"2026-04-08T18:48:58","modified_gmt":"2026-04-08T17:48:58","slug":"ueber-uns","status":"publish","type":"page","link":"https:\/\/www.terra-arcanum.de\/index.php\/ueber-uns\/","title":{"rendered":"\u00dcber uns"},"content":{"rendered":"\n<ul class=\"wp-block-list\">\n<li><strong><a href=\"https:\/\/www.terra-arcanum.de\/index.php\/leitbild\/\" data-type=\"page\" data-id=\"46\">Leitbild<\/a><\/strong><\/li>\n\n\n\n<li><strong><a href=\"https:\/\/www.terra-arcanum.de\/index.php\/dozenten\/\" data-type=\"page\" data-id=\"128\">Dozenten<\/a><\/strong><\/li>\n\n\n\n<li><strong><a href=\"https:\/\/www.terra-arcanum.de\/index.php\/seminarorte\/\" data-type=\"page\" data-id=\"116\">Seminarorte<\/a><\/strong><\/li>\n<\/ul>\n\n\n\n<h5 class=\"wp-block-heading\"><a href=\"\/wordpress\/images\/bilder_content\/ueber_uns_terra_arcanum_heilpflanzen_schule_01.jpg\" target=\"_blank\" rel=\"noreferrer noopener\"><\/a><strong>&#8222;Unser Name: Terra Arcanum&#8220;,<\/strong><\/h5>\n\n\n\n<p>das bedeutet \u00fcbersetzt soviel wie &#8222;Geheimnis der Erde&#8220;. F\u00fcr die meisten Menschen ist das Wissen \u00fcber unsere Heilkr\u00e4uter genau dieses &#8211; ein Geheimnis. Kaum noch jemand wei\u00df etwas dar\u00fcber. Fr\u00fcher war dieses Wissen allgegenw\u00e4rtig und schon die Kinder wuchsen ganz nat\u00fcrlich damit auf. Seit einigen Jahren veranstalten wir Kr\u00e4uterkurse, Seminare, Vortr\u00e4ge und Workshops, und dabei ist der Wunsch nach einer umfassenden, intensiven Kr\u00e4uterausbildung in uns, und vielen unserer TeilnehmernInnen entstanden. In den Tages-Seminaren ist sonst leider immer nur ein Kurzeinblick m\u00f6glich. Vielen reicht dieses einfach nicht, sie wollen mehr in die Tiefe gehen, sich richtig Zeit nehmen, die Pflanzen fundiert (und im ganzen Jahreslauf) kennenlernen.<\/p>\n\n\n\n<p>Uns ist es ein gro\u00dfes Anliegen, dieses alte Wissen wieder in unserer heutigen Zeit zug\u00e4nglich zu machen. <\/p>\n\n\n\n<p><a href=\"https:\/\/www.terra-arcanum.de\/wordpress\/index.php\/tanja-michaela-meyer\/\" data-type=\"page\" data-id=\"47\">Tanja Michaela Meyer<\/a><\/p>\n\n\n\n<p><a href=\"https:\/\/www.terra-arcanum.de\/wordpress\/index.php\/angelika-michaelis\/\" data-type=\"page\" data-id=\"48\">Angelika Michaelis<\/a><\/p>\n\n\n\n<figure class=\"wp-block-gallery has-nested-images columns-default is-cropped wp-block-gallery-1 is-layout-flex wp-block-gallery-is-layout-flex\">\n<figure class=\"wp-block-image size-large\"><img loading=\"lazy\" decoding=\"async\" width=\"600\" height=\"600\" data-id=\"310\" src=\"https:\/\/www.terra-arcanum.de\/wordpress\/wp-content\/uploads\/2025\/02\/ueber_uns_terra_arcanum_heilpflanzen_schule_01.jpg\" alt=\"\" class=\"wp-image-310\" srcset=\"https:\/\/www.terra-arcanum.de\/wp-content\/uploads\/2025\/02\/ueber_uns_terra_arcanum_heilpflanzen_schule_01.jpg 600w, https:\/\/www.terra-arcanum.de\/wp-content\/uploads\/2025\/02\/ueber_uns_terra_arcanum_heilpflanzen_schule_01-300x300.jpg 300w, https:\/\/www.terra-arcanum.de\/wp-content\/uploads\/2025\/02\/ueber_uns_terra_arcanum_heilpflanzen_schule_01-150x150.jpg 150w\" sizes=\"auto, (max-width: 600px) 100vw, 600px\" \/><\/figure>\n\n\n\n<figure class=\"wp-block-image size-large\"><img loading=\"lazy\" decoding=\"async\" width=\"450\" height=\"600\" data-id=\"311\" src=\"https:\/\/www.terra-arcanum.de\/wordpress\/wp-content\/uploads\/2025\/02\/ueber_uns_terra_arcanum_heilpflanzen_schule_02.jpg\" alt=\"\" class=\"wp-image-311\" srcset=\"https:\/\/www.terra-arcanum.de\/wp-content\/uploads\/2025\/02\/ueber_uns_terra_arcanum_heilpflanzen_schule_02.jpg 450w, https:\/\/www.terra-arcanum.de\/wp-content\/uploads\/2025\/02\/ueber_uns_terra_arcanum_heilpflanzen_schule_02-225x300.jpg 225w\" sizes=\"auto, (max-width: 450px) 100vw, 450px\" \/><\/figure>\n<\/figure>\n\n\n\n<p><\/p>\n\n\n\n<hr class=\"wp-block-separator has-alpha-channel-opacity is-style-wide\"\/>\n\n\n\n<h5 class=\"wp-block-heading\">Unser Logo:<\/h5>\n\n\n\n<div class=\"wp-block-columns is-layout-flex wp-container-core-columns-is-layout-9d6595d7 wp-block-columns-is-layout-flex\">\n<div class=\"wp-block-column is-layout-flow wp-block-column-is-layout-flow\">\n<figure class=\"wp-block-image size-full\"><img loading=\"lazy\" decoding=\"async\" width=\"300\" height=\"300\" src=\"https:\/\/www.terra-arcanum.de\/wordpress\/wp-content\/uploads\/2025\/02\/logo_klein.jpg\" alt=\"\" class=\"wp-image-294\" srcset=\"https:\/\/www.terra-arcanum.de\/wp-content\/uploads\/2025\/02\/logo_klein.jpg 300w, https:\/\/www.terra-arcanum.de\/wp-content\/uploads\/2025\/02\/logo_klein-150x150.jpg 150w\" sizes=\"auto, (max-width: 300px) 100vw, 300px\" \/><\/figure>\n<\/div>\n\n\n\n<div class=\"wp-block-column is-layout-flow wp-block-column-is-layout-flow\">\n<p>\u201eDie Blume des Lebens ist ein universelles Sch\u00f6pfungssymbol und wird seit Jahrhunderten in vielen Kulturen der Erde als heilig verehrt oder als Schutzzeichen verwendet. Es ist praktisch \u00fcberall auf der Welt anzutreffen (\u00c4gypten, Irland, T\u00fcrkei, England, Israel, China, Tibet, Griechenland, Lappland, Yucatan und Japan). Es gibt nichts, was nicht in diesem Muster enthalten w\u00e4re wie z.B. physikalische Formeln, Biologie, Geometrie sowie alle Lebensformen inklusive uns selbst. Die Geometrie der Blume des Lebens definiert den ganzen Sch\u00f6pfungsprozess, z.B. wie eine Pflanze w\u00e4chst und bl\u00fcht, Fr\u00fcchte reifen und zu Boden fallen; und die Samen, von denen jeder wieder das Bild des ganzen Baumes enth\u00e4lt. Der Code der Blume des Lebens enth\u00e4lt, \u00e4hnlich dem genetischen Code der in unserer DNS enthalten ist, eigentlich alles Wissen, das im Universum gefunden werden kann.<\/p>\n\n\n\n<p>Mit ihren 19 Kreisen ist die Blume des Lebens ein starkes Schwingungssymbol, das ein absolut harmonisch schwingendes Feld erzeugt. Ihre Geometrie wirkt auf ihre Umgebung: sie zeigt vollkommene Ordnung &#8211; jede Zelle erkennt dies und versucht sich daraufhin nach ihrem Ursprung auszurichten.<\/p>\n<\/div>\n<\/div>\n\n\n\n<hr class=\"wp-block-separator has-alpha-channel-opacity is-style-wide\"\/>\n\n\n\n<p><a href=\"\/wordpress\/images\/bilder_content\/ueber_uns_terra_arcanum_heilpflanzen_schule_03.jpg\" target=\"_blank\" rel=\"noreferrer noopener\"><\/a><\/p>\n\n\n\n<p><strong>Informationen \u00fcber die Kr\u00e4uterschule Terra Arcanum.<\/strong><\/p>\n\n\n\n<p>Interessiert es Sie, wie die Teilnehmer unseren Unterricht bewerten? Hier k\u00f6nnen Sie unsere Auswertungen einsehen:<\/p>\n\n\n\n<ul class=\"wp-block-list\">\n<li><a href=\"http:\/\/uly-niemann.eu\/wp-content\/uploads\/2025\/02\/Auswertung_Terra_Arcanumm_2019_aktualisiert-1.pdf\" data-type=\"attachment\" data-id=\"716\" target=\"_blank\" rel=\"noreferrer noopener\">Auswertungen Gesamt 2019<\/a><\/li>\n\n\n\n<li><a href=\"https:\/\/www.terra-arcanum.de\/wordpress\/wp-content\/uploads\/2025\/02\/Auswertung_Terra_Arcanum_2018.pdf\" data-type=\"attachment\" data-id=\"715\" target=\"_blank\" rel=\"noreferrer noopener\">Auswertungen Gesamt 2018<\/a><\/li>\n\n\n\n<li><a href=\"https:\/\/www.terra-arcanum.de\/wordpress\/wp-content\/uploads\/2025\/02\/Auswertung_Terra_Arcanum_2017.pdf\" data-type=\"attachment\" data-id=\"714\" target=\"_blank\" rel=\"noreferrer noopener\">Auswertungen Gesamt 2017<\/a><\/li>\n\n\n\n<li><a href=\"https:\/\/www.terra-arcanum.de\/wordpress\/wp-content\/uploads\/2025\/02\/auswertungen_2016.pdf\" data-type=\"attachment\" data-id=\"719\" target=\"_blank\" rel=\"noreferrer noopener\">Auswertungen Gesamt 2016<\/a><\/li>\n\n\n\n<li><a href=\"https:\/\/www.terra-arcanum.de\/wordpress\/wp-content\/uploads\/2025\/02\/auswertungen_2015.pdf\" data-type=\"attachment\" data-id=\"718\" target=\"_blank\" rel=\"noreferrer noopener\">Auswertungen Gesamt 2015<\/a><\/li>\n\n\n\n<li><a href=\"https:\/\/www.terra-arcanum.de\/wordpress\/wp-content\/uploads\/2025\/02\/auswertungen_2015.pdf\" data-type=\"attachment\" data-id=\"718\" target=\"_blank\" rel=\"noreferrer noopener\">Auswertungen Gesamt 2014<\/a><\/li>\n\n\n\n<li><a href=\"https:\/\/www.terra-arcanum.de\/wordpress\/wp-content\/uploads\/2025\/02\/auswertungen_bewertungsboegen_gesamt_2013.pdf\" data-type=\"attachment\" data-id=\"720\" target=\"_blank\" rel=\"noreferrer noopener\">Auswertungen Gesamt 2013<\/a><\/li>\n\n\n\n<li><a href=\"https:\/\/www.terra-arcanum.de\/wordpress\/wp-content\/uploads\/2025\/02\/auswertung_bewertungsbogen_2halbjahr_2012.pdf\" data-type=\"attachment\" data-id=\"713\" target=\"_blank\" rel=\"noreferrer noopener\">Auswertungen 2. Halbjahr 2012<\/a><\/li>\n\n\n\n<li><a href=\"https:\/\/www.terra-arcanum.de\/wordpress\/wp-content\/uploads\/2025\/02\/auswertung_bewertungsbogen_1halbjahr_2012.pdf\" data-type=\"attachment\" data-id=\"712\" target=\"_blank\" rel=\"noreferrer noopener\">Auswertungen 1. Halbjahr 2012<\/a><\/li>\n\n\n\n<li>Eine Teilnehmerin hat im Juni 2011 einen Artikel im &#8222;Spirits&#8220; \u00fcber unsere Heilpflanzenausbildung geschrieben, Sie k\u00f6nnen diesen <a href=\"https:\/\/www.terra-arcanum.de\/wordpress\/wp-content\/uploads\/2025\/02\/bericht_spirits_2011_terra_arcanum_heilpflanzen_schule.pdf\" data-type=\"attachment\" data-id=\"721\" target=\"_blank\" rel=\"noreferrer noopener\">hier anschauen<\/a><a href=\"http:\/\/uly-niemann.eu\/wp-content\/uploads\/2025\/02\/bericht_spirits_2011_terra_arcanum_heilpflanzen_schule.pdf\" data-type=\"attachment\" data-id=\"721\">.<\/a><\/li>\n\n\n\n<li><a href=\"https:\/\/www.terra-arcanum.de\/wordpress\/wp-content\/uploads\/2025\/02\/Brief_Roswitha_Bittner2013.pdf\" data-type=\"attachment\" data-id=\"722\" target=\"_blank\" rel=\"noreferrer noopener\">Hier <\/a>k\u00f6nnen Sie ein Dankesschreiben einer Teilnehmerin aus dem Dienstags-Kurs 2013 einsehen.<\/li>\n\n\n\n<li>2019 wurde <a href=\"https:\/\/www.terra-arcanum.de\/wordpress\/wp-content\/uploads\/2025\/02\/Feedback_Teilnehmerin_20019.pdf\" data-type=\"attachment\" data-id=\"723\" target=\"_blank\" rel=\"noreferrer noopener\">dieses Feedback<\/a> von einer Kursteilnehmerin erstellt<\/li>\n<\/ul>\n\n\n\n<figure class=\"wp-block-gallery has-nested-images columns-default is-cropped wp-block-gallery-2 is-layout-flex wp-block-gallery-is-layout-flex\">\n<figure class=\"wp-block-image size-large\"><img loading=\"lazy\" decoding=\"async\" width=\"576\" height=\"1024\" data-id=\"314\" src=\"https:\/\/www.terra-arcanum.de\/wordpress\/wp-content\/uploads\/2025\/02\/20170805_114416-scaled-1-576x1024.jpg\" alt=\"\" class=\"wp-image-314\" srcset=\"https:\/\/www.terra-arcanum.de\/wp-content\/uploads\/2025\/02\/20170805_114416-scaled-1-576x1024.jpg 576w, https:\/\/www.terra-arcanum.de\/wp-content\/uploads\/2025\/02\/20170805_114416-scaled-1-169x300.jpg 169w, https:\/\/www.terra-arcanum.de\/wp-content\/uploads\/2025\/02\/20170805_114416-scaled-1-768x1365.jpg 768w, https:\/\/www.terra-arcanum.de\/wp-content\/uploads\/2025\/02\/20170805_114416-scaled-1-864x1536.jpg 864w, https:\/\/www.terra-arcanum.de\/wp-content\/uploads\/2025\/02\/20170805_114416-scaled-1-1152x2048.jpg 1152w, https:\/\/www.terra-arcanum.de\/wp-content\/uploads\/2025\/02\/20170805_114416-scaled-1.jpg 1440w\" sizes=\"auto, (max-width: 576px) 100vw, 576px\" \/><\/figure>\n\n\n\n<figure class=\"wp-block-image size-full\"><img loading=\"lazy\" decoding=\"async\" width=\"300\" height=\"533\" data-id=\"1100\" src=\"https:\/\/www.terra-arcanum.de\/wordpress\/wp-content\/uploads\/2026\/03\/20170805_115819.jpg\" alt=\"\" class=\"wp-image-1100\" srcset=\"https:\/\/www.terra-arcanum.de\/wp-content\/uploads\/2026\/03\/20170805_115819.jpg 300w, https:\/\/www.terra-arcanum.de\/wp-content\/uploads\/2026\/03\/20170805_115819-169x300.jpg 169w\" sizes=\"auto, (max-width: 300px) 100vw, 300px\" \/><\/figure>\n\n\n\n<figure class=\"wp-block-image size-full\"><img loading=\"lazy\" decoding=\"async\" width=\"300\" height=\"533\" data-id=\"1101\" src=\"https:\/\/www.terra-arcanum.de\/wordpress\/wp-content\/uploads\/2026\/03\/20170805_121107.jpg\" alt=\"\" class=\"wp-image-1101\" srcset=\"https:\/\/www.terra-arcanum.de\/wp-content\/uploads\/2026\/03\/20170805_121107.jpg 300w, https:\/\/www.terra-arcanum.de\/wp-content\/uploads\/2026\/03\/20170805_121107-169x300.jpg 169w\" sizes=\"auto, (max-width: 300px) 100vw, 300px\" \/><\/figure>\n<\/figure>\n\n\n\n<hr class=\"wp-block-separator has-alpha-channel-opacity is-style-wide\"\/>\n\n\n\n<figure class=\"wp-block-pullquote\"><blockquote><p><strong>Wunder stehen nicht im Gegensatz zur Natur, sondern nur im Gegensatz zu dem, was wir \u00fcber die Natur wissen.<\/strong><\/p><cite>St. Augustin<\/cite><\/blockquote><\/figure>\n","protected":false},"excerpt":{"rendered":"<p>&#8222;Unser Name: Terra Arcanum&#8220;, das bedeutet \u00fcbersetzt soviel wie &#8222;Geheimnis der Erde&#8220;. F\u00fcr die meisten Menschen ist das Wissen \u00fcber unsere Heilkr\u00e4uter genau dieses &#8211; ein Geheimnis. Kaum noch jemand wei\u00df etwas dar\u00fcber. Fr\u00fcher war dieses Wissen allgegenw\u00e4rtig und schon &hellip; <a href=\"https:\/\/www.terra-arcanum.de\/index.php\/ueber-uns\/\">Weiterlesen <span class=\"meta-nav\">&rarr;<\/span><\/a><\/p>\n","protected":false},"author":2,"featured_media":0,"parent":0,"menu_order":0,"comment_status":"closed","ping_status":"closed","template":"","meta":{"footnotes":""},"class_list":["post-869","page","type-page","status-publish","hentry"],"_links":{"self":[{"href":"https:\/\/www.terra-arcanum.de\/index.php\/wp-json\/wp\/v2\/pages\/869","targetHints":{"allow":["GET"]}}],"collection":[{"href":"https:\/\/www.terra-arcanum.de\/index.php\/wp-json\/wp\/v2\/pages"}],"about":[{"href":"https:\/\/www.terra-arcanum.de\/index.php\/wp-json\/wp\/v2\/types\/page"}],"author":[{"embeddable":true,"href":"https:\/\/www.terra-arcanum.de\/index.php\/wp-json\/wp\/v2\/users\/2"}],"replies":[{"embeddable":true,"href":"https:\/\/www.terra-arcanum.de\/index.php\/wp-json\/wp\/v2\/comments?post=869"}],"version-history":[{"count":7,"href":"https:\/\/www.terra-arcanum.de\/index.php\/wp-json\/wp\/v2\/pages\/869\/revisions"}],"predecessor-version":[{"id":1160,"href":"https:\/\/www.terra-arcanum.de\/index.php\/wp-json\/wp\/v2\/pages\/869\/revisions\/1160"}],"wp:attachment":[{"href":"https:\/\/www.terra-arcanum.de\/index.php\/wp-json\/wp\/v2\/media?parent=869"}],"curies":[{"name":"wp","href":"https:\/\/api.w.org\/{rel}","templated":true}]}}